actor of 130?
False
Is 24 a factor of 1382?
False
Is 21731 a multiple of 42?
False
Is 70 a factor of 9660?
True
Does 2 divide 8484?
True
Is 3315 a multiple of 10?
False
Is 176 a factor of 28336?
True
Is 1923 a multiple of 11?
False
Does 5 divide 2655?
True
Is 165 a multiple of 8?
False
Does 14 divide 7210?
True
Is 240 even?
True
Does 11 divide 2723?
False
Is 50934 a multiple of 22?
False
Is 728 a multiple of 3?
False
Is 46879 a multiple of 144?
False
Is 178 a multiple of 11?
False
Is 9008 a multiple of 4?
True
Is 7339 a multiple of 3?
False
Does 103 divide 2781?
True
Does 24 divide 84045?
False
Does 56 divide 614?
False
Is 194 a multiple of 26?
False
Is 19694 a multiple of 229?
True
Is 377 a factor of 11858?
False
Is 76 a factor of 76?
True
Is 8 a factor of 562?
False
Is 992 a multiple of 42?
False
Is 770 a multiple of 27?
False
Is 1327 a multiple of 14?
False
Does 107 divide 53072?
True
Is 567 a multiple of 24?
False
Does 38 divide 549?
False
Does 118 divide 4475?
False
Does 12 divide 25223?
False
Is 533 a multiple of 42?
False
Is 1753 a multiple of 10?
False
Does 144 divide 11764?
False
Is 88 a multiple of 36?
False
Is 48212 a multiple of 110?
False
Is 1632 a multiple of 96?
True
Does 28 divide 7779?
False
Does 28 divide 44?
False
Is 168 a multiple of 2?
True
Is 84 a factor of 22008?
True
Is 23420 a multiple of 66?
False
Is 13 a factor of 5642?
True
Is 36 a factor of 180?
True
Is 12196 a multiple of 11?
False
Is 4 a factor of 26155?
False
Does 73 divide 3066?
True
Is 29 a factor of 1895?
False
Does 2 divide 533?
False
Does 74 divide 13157?
False
Is 5296 a multiple of 151?
False
Is 77 a multiple of 15?
False
Is 1394 a multiple of 8?
False
Does 47 divide 6940?
False
Does 36 divide 3816?
True
Does 24 divide 11856?
True
Does 17 divide 360?
False
Is 343 a multiple of 4?
False
Is 1836 a multiple of 54?
True
Is 2 a factor of 567?
False
Is 152 a multiple of 6?
False
Is 571 a multiple of 2?
False
Is 569 a multiple of 5?
False
Does 37 divide 24202?
False
Does 183 divide 71957?
False
Does 38 divide 32733?
False
Is 146 a multiple of 3?
False
Is 45586 a multiple of 25?
False
Is 1341 a multiple of 16?
False
Is 5768 a multiple of 39?
False
Is 18 a multiple of 3?
True
Does 7 divide 484?
False
Does 12 divide 268?
False
Is 12 a factor of 7944?
True
Is 3877 a multiple of 15?
False
Is 180 a multiple of 10?
True
Does 2 divide 510?
True
Is 322 a multiple of 14?
True
Does 15 divide 1136?
False
Does 8 divide 1056?
True
Does 107 divide 138023?
False
Is 6534 a multiple of 62?
False
Is 19 a factor of 5820?
False
Does 15 divide 1005?
True
Does 13 divide 984?
False
Is 816 a multiple of 34?
True
Is 24 a factor of 6432?
True
Does 35 divide 16176?
False
Does 48 divide 1138?
False
Is 175 a multiple of 7?
True
Is 82 a multiple of 10?
False
Does 5 divide 59?
False
Is 8288 a multiple of 74?
True
Is 73 a factor of 17588?
False
Does 51 divide 3650?
False
Does 4 divide 420?
True
Is 7 a factor of 604?
False
Is 2 a factor of 32?
True
Is 113 a factor of 38451?
False
Does 17 divide 128398?
False
Does 4 divide 237?
False
Is 42650 a multiple of 56?
False
Is 75 a factor of 1006?
False
Is 4 a factor of 7?
False
Does 33 divide 7260?
True
Is 3667 a multiple of 132?
False
Is 28 a factor of 461?
False
Is 4620 a multiple of 8?
False
Is 56 a factor of 1548?
False
Does 44 divide 5045?
False
Does 55 divide 880?
True
Is 12 a factor of 102552?
True
Is 591 a multiple of 197?
True
Is 406 a multiple of 7?
True
Is 903 a multiple of 14?
False
Is 17 a factor of 1085?
False
Is 1534 a multiple of 12?
False
Is 292 a factor of 50741?
False
Is 22 a factor of 6182?
True
Is 36198 a multiple of 18?
True
Does 39 divide 507?
True
Does 27 divide 27826?
False
Is 10081 a multiple of 13?
False
Is 816 a multiple of 16?
True
Is 18852 a multiple of 10?
False
Is 507 a multiple of 19?
False
Does 74 divide 962?
True
Is 17443 a multiple of 47?
False
Is 74 a factor of 518?
True
Is 31 a factor of 934?
False
Does 6 divide 3161?
False
Does 4 divide 408?
True
Is 9822 a multiple of 90?
False
Is 811 even?
False
Is 90 a multiple of 15?
True
Does 27 divide 13270?
False
Does 3 divide 747?
True
Does 5 divide 4337?
False
Is 6 a factor of 7940?
False
Does 11 divide 677?
False
Is 5 a factor of 1240?
True
Is 16352 a multiple of 63?
False
Is 7350 a multiple of 15?
True
Does 6 divide 75?
False
Is 115 a factor of 166192?
False
Does 73 divide 2082?
False
Is 65 a multiple of 13?
True
Is 971 a multiple of 3?
False
Is 4248 a multiple of 8?
True
Is 5 a factor of 2750?
True
Does 18 divide 486?
True
Is 421 a multiple of 13?
False
Is 70 a factor of 70?
True
Is 56 a factor of 11346?
False
Does 7 divide 980?
True
Is 2551 a multiple of 138?
False
Is 38 a factor of 1368?
True
Is 231 a factor of 47226?
False
Is 1008 a multiple of 28?
True
Is 33 a factor of 34254?
True
Is 90 a factor of 142?
False
Is 267 a multiple of 15?
False
Is 18850 a multiple of 25?
True
Is 11 a factor of 142880?
False
Is 204 a multiple of 34?
True
Is 37 a factor of 2944?
False
Is 16 a factor of 1895?
False
Is 12 a factor of 1692?
True
Is 1400 a multiple of 14?
True
Does 69 divide 2415?
True
Is 2324 a multiple of 14?
True
Is 28 a factor of 4676?
True
Is 13013 a multiple of 143?
True
Is 16 a factor of 13392?
True
Is 269 a multiple of 35?
False
Does 20 divide 900?
True
Is 30 a factor of 15137?
False
Is 64 a multiple of 4?
True
Is 2288 a multiple of 52?
True
Is 830 a multiple of 42?
False
Is 16 a factor of 560?
True
Does 11 divide 116149?
True
Is 42743 a multiple of 89?
False
Is 14 a factor of 6642?
False
Is 54931 a multiple of 163?
True
Does 111 divide 63946?
False
Does 55 divide 599?
False
Does 186 divide 28644?
True
Is 24480 a multiple of 57?
False
Is 14 a factor of 218?
False
Is 19939 a multiple of 16?
False
Is 84 a factor of 38388?
True
Does 10 divide 70436?
False
Is 14 a factor of 1246?
True
Is 364 a multiple of 20?
False
Is 12 a factor of 11501?
False
Is 883 a multiple of 2?
False
Does 8 divide 56165?
False
Is 34 a factor of 2325?
False
Is 490 a multiple of 49?
True
Does 31 divide 10590?
False
Does 8 divide 1103?
False
Is 12 a factor of 660?
True
Is 56 a factor of 1848?
True
Is 98 a factor of 1653?
False
Is 171 a factor of 74043?
True
Is 7660 a multiple of 46?
False
Does 69 divide 12213?
True
Is 61625 a multiple of 125?
True
Is 710 a multiple of 10?
True
Does 10 divide 1490?
True
Is 19585 a multiple of 24?
False
Does 59 divide 885?
True
Is 72 a factor of 78?
False
Does 13 divide 10180?
False
Is 567 a multiple of 63?
True
Is 586 a multiple of 4?
False
Is 20 a factor of 1408?
False
Does 171 divide 2259?
False
Does 45 divide 675?
True
Is 3 a factor of 106?
False
Does 61 divide 549?
True
Is 2170 a multiple of 14?
True
Is 5481 a multiple of 176?
False
Does 12 divide 1261?
False
Does 107 divide 229?
False
Is 9 a factor of 882?
True
Does 35 divide 6650?
True
Is 14720 a multiple of 16?
True
Does 33 divide 495?
True
Is 43295 a multiple of 7?
True
Does 67 divide 2077?
True
Is 16 a factor of 144?
True
Is 336 a multiple of 28?
True
Is 638 a multiple of 20?
False
Does 65 divide 76985?
False
Is 91 a factor of 2275?
True
Does 11 divide 774?
False
Is 72 a factor of 51917?
False
Is 12 a factor of 21358?
False
Is 19 a factor of 31578?
True
Does 46 divide 1481?
False
Is 559 a multiple of 43?
True
Is 22382 a multiple of 19?
True
Is 1652 a multiple of 16?
False
Is 17 a factor of 2217?
False
Is 29 a factor of 17809?
False
Is 653 a multiple of 2?
False
Does 8 divide 1384?
True
Does 366 divide 105774?
True
Does 21 divide 3775?
False
Does 23 divide 308?
False
Does 59 divide 8993?
False
Is 40 a factor of 2278?
False
Does 12 divide 11800?
False
Is 27 even?
False
Is 440 a multiple of 8?
True
Does 41 divide 83437?
False
Is 355 a multiple of 2?
False
Is 138 a factor of 16560?
True
Does 53 divide 477?
True
Is 57 a factor of 6548?
False
Is 18 a factor of 1575?
False
Does 16 divide 1680?
True
Does 37 divide 1022?
False
Does 19 divide 15065?
False
Is 9600 a multiple of 20?
True
Is 54 a factor of 68418?
True
Is 8254 a multiple of 68?
False
Is 15 a factor of 14550?
True
Is 4495 a multiple of 29?
True
Is 6 a factor of 120?
True
Does 3 divide 616?
False
Is 302 even?
True
Is 18 a factor of 522?
True
Does 79 divide 14062?
True
Is 3 a factor of 1906?
False
Does 13 divide 819?
True
Does 10 divide 536?
False
Does 27 